199
Calculate the remainder when 438164 is divided by 393.
362
Calculate the remainder when 762437 is divided by 10.
7
Calculate the remainder when 31469544 is divided by 31469531.
13
What is the remainder when 30474451 is divided by 5079073?
13
What is the remainder when 4599380 is divided by 50?
30
Calculate the remainder when 849867 is divided by 9547.
184
What is the remainder when 3536882 is divided by 37230?
32
What is the remainder when 680369 is divided by 13587?
1019
What is the remainder when 251405 is divided by 251324?
81
Calculate the remainder when 5189257 is divided by 2125.
7
What is the remainder when 2668634 is divided by 9202?
54
Calculate the remainder when 20382734 is divided by 44.
42
Calculate the remainder when 963588 is divided by 50714.
22
Calculate the remainder when 45104602 is divided by 15034863.
13
What is the remainder when 183598 is divided by 2141?
1613
What is the remainder when 574208 is divided by 10767?
3557
What is the remainder when 47600427 is divided by 2597?
14
What is the remainder when 582601 is divided by 12639?
1207
What is the remainder when 787744 is divided by 1210?
34
Calculate the remainder when 2830 is divided by 355.
345
What is the remainder when 98322 is divided by 48907?
508
What is the remainder when 1575277 is divided by 85?
57
What is the remainder when 184948 is divided by 430?
48
Calculate the remainder when 15326 is divided by 2872.
966
What is the remainder when 10121095 is divided by 22?
17
What is the remainder when 2365717 is divided by 758?
757
What is the remainder when 347854 is divided by 173880?
94
Calculate the remainder when 77594 is divided by 1409.
99
What is the remainder when 336147271 is divided by 77?
75
What is the remainder when 4013897 is divided by 1337963?
8
Calculate the remainder when 267766240 is divided by 1439.
1437
Calculate the remainder when 1152512 is divided by 180.
152
What is the remainder when 35345 is divided by 10906?
2627
What is the remainder when 1296629 is divided by 144069?
8
What is the remainder when 145354747 is divided by 140?
27
What is the remainder when 37526204 is divided by 379?
277
Calculate the remainder when 13481 is divided by 40.
1
Calculate the remainder when 1877421 is divided by 881.
10
Calculate the remainder when 2687361 is divided by 412.
297
What is the remainder when 1330999 is divided by 120566?
4773
What is the remainder when 1781996 is divided by 55686?
44
What is the remainder when 557086 is divided by 137436?
7342
Calculate the remainder when 139330 is divided by 710.
170
Calculate the remainder when 6226099 is divided by 3113049.
1
Calculate the remainder when 10149 is divided by 22.
7
Calculate the remainder when 1922105 is divided by 240253.
81
What is the remainder when 291648894 is divided by 5126?
5124
Calculate the remainder when 83226 is divided by 20737.
278
What is the remainder when 1051109 is divided by 237?
14
Calculate the remainder when 1564738 is divided by 73.
56
What is the remainder when 56115521 is divided by 3672?
17
What is the remainder when 215425 is divided by 1447?
1269
What is the remainder when 168680 is divided by 83797?
1086
What is the remainder when 217075 is divided by 245?
5
Calculate the remainder when 18992071 is divided by 30436.
7
What is the remainder when 66140132 is divided by 109?
22
Calculate the remainder when 19641560 is divided by 889.
883
What is the remainder when 1178218 is divided by 265?
28
What is the remainder when 1046194 is divided by 3011?
1377
Calculate the remainder when 152658972 is divided by 22.
4
Calculate the remainder when 9870933 is divided by 121.
116
What is the remainder when 1165769 is divided by 129529?
8
Calculate the remainder when 30922105 is divided by 1659.
4
Calculate the remainder when 272968 is divided by 18171.
403
What is the remainder when 12841037 is divided by 2568184?
117
Calculate the remainder when 3850145 is divided by 745.
730
What is the remainder when 18249119 is divided by 25?
19
Calculate the remainder when 17919 is divided by 271.
33
What is the remainder when 5889357 is divided by 30?
27
Calculate the remainder when 3536009 is divided by 230.
219
Calculate the remainder when 12120523 is divided by 3901.
116
What is the remainder when 587734 is divided by 41976?
70
What is the remainder when 394952 is divided by 1496?
8
Calculate the remainder when 9358548 is divided by 51.
48
What is the remainder when 14037750 is divided by 4679246?
12
What is the remainder when 117440556 is divided by 85?
51
What is the remainder when 1818162 is divided by 82643?
16
Calculate the remainder when 50037325 is divided by 1211.
16
What is the remainder when 64586606 is divided by 29?
10
Calculate the remainder when 821522 is divided by 13.
0
Calculate the remainder when 2697359 is divided by 168565.
319
What is the remainder when 3995494 is divided by 789?
787
Calculate the remainder when 189281720 is divided by 127291.
3
What is the remainder when 66950 is divided by 811?
448
What is the remainder when 497408 is divided by 60?
8
Calculate the remainder when 6475 is divided by 181.
140
Calculate the remainder when 60193504 is divided by 327.
325
Calculate the remainder when 19440 is divided by 174.
126
Calculate the remainder when 129823 is divided by 255.
28
Calculate the remainder when 17769113 is divided by 34.
33
Calculate the remainder when 1308674 is divided by 13922.
6
Calculate the remainder when 14897534 is divided by 451438.
80
Calculate the remainder when 6904 is divided by 3390.
124
Calculate the remainder when 1575780 is divided by 18759.
24
What is the remainder when 23740634 is divided by 3706?
3704
What is the remainder when 106119 is divided by 26469?
243
Calculate the remainder when 7564501 is divided by 27016.
21
Calculate the remainder when 624170 is divided by 2311.
200
Calculate the remainder when 55333 is divided by 2822.
1715
Calculate the remainder when 11770 is divided by 2044.
1550
What is the remainder when 28963 is divided by 4500?
1963
What is the remainder when 485385 is divided by 335?
305
Calculate the remainder when 23341 is divided by 5808.
109
Calculate the remainder when 5333867 is divided by 2666902.
63
Calculate the remainder when 469750 is divided by 130.
60
What is the remainder when 389052 is divided by 389000?
52
What is the remainder when 5216071 is divided by 1304010?
31
Calculate the remainder when 58394797 is divided by 100.
97
Calculate the remainder when 279801 is divided by 13971.
381
What is the remainder when 88407691 is divided by 23?
15
Calculate the remainder when 2094837 is divided by 336.
213
Calculate the remainder when 13796810 is divided by 3113.
3107
What is the remainder when 139018 is divided by 10311?
4975
What is the remainder when 1357066 is divided by 1357016?
50
What is the remainder when 7919 is divided by 1584?
1583
What is the remainder when 14496 is divided by 6600?
1296
What is the remainder when 1198833 is divided by 1198746?
87
Calculate the remainder when 99445702 is divided by 1307.
1300
Calculate the remainder when 130749 is divided by 64998.
753
Calculate the remainder when 584956113 is divided by 5960.
5953
What is the remainder when 27530 is divided by 21?
20
Calculate the remainder when 14041 is divided by 684.
361
Calculate the remainder when 36471938 is divided by 746.
744
What is the remainder when 924247 is divided by 71095?
12
What is the remainder when 3976068 is divided by 391?
380
What is the remainder when 9649149 is divided by 10?
9
What is the remainder when 61153251 is divided by 2779692?
27
What is the remainder when 83820 is divided by 83394?
426
What is the remainder when 191356 is divided by 95651?
54
What is the remainder when 1292996 is divided by 19298?
30
What is the remainder when 31764 is divided by 2646?
12
What is the remainder when 9359079 is divided by 2231?
34
Calculate the remainder when 247363 is divided by 3703.
2965
What is the remainder when 753237 is divided by 6978?
6591
Calculate the remainder when 14677438 is divided by 91.
48
What is the remainder when 269932 is divided by 148?
128
Calculate the remainder when 2651719 is divided by 2651677.
42
What is the remainder when 818599 is divided by 45?
4
What is the remainder w